 - 1/2*n**2 + 59. Calculate b(k).
-1
Let l(h) be the second derivative of -3*h**3/2 - 24*h**2 - 10*h + 118. Calculate l(-9).
33
Let f(p) = 3*p + 2*p + 2*p - 2*p**2 - 3*p - 5. Let o be ((-5)/(-9 - 11))/(27/24 - 1). Give f(o).
-5
Let k(x) be the second derivative of 2*x**3/3 - 61*x**2/2 + 193*x. What is k(16)?
3
Suppose 4*j - 2 = -2*d + d, 0 = -d - j + 2. Let i(l) = -5*l - 16. Let u be i(-7). Let z(h) = -u*h**d + 17*h**2 - h + 7*h**2. Determine z(-1).
6
Let d(g) = 4*g + 8. Suppose -t = -3*f - 26, -11*f + 7*f - 24 = -t. Suppose -o + 8 = -p, -3*o - t = 7*p - 2*p. Give d(p).
-20
Let l(d) = -d**3 - 13 - 8*d + 1524*d**2 - 3052*d**2 + 1534*d**2. Determine l(4).
-13
Let u(p) = p + 25. Let y = 158 + -66. Suppose -2*a - 3*i = -6*i + 44, 2*i + y = -3*a. Let f be u(a). Let z(o) = 5*o - 3. Give z(f).
-18
Let s(f) be the second derivative of -f**5/20 - 2*f**4/3 - f**3/2 + 11*f**2/2 - 536*f - 1. Calculate s(-7).
-17
Let a(o) = -26*o - 32*o - 9*o + 4 + 0 + 25*o. What is a(-1)?
46
Let s = -60 - -77. Suppose -15*a = -14*a - s. Suppose -12*h = -a*h. Let l(m) = -m**2 - 8. Calculate l(h).
-8
Let f(o) = -2*o**2 + 18*o - 17. Let s be f(11). Let m = s - -58. Let k(c) be the first derivative of -c**3/3 - 3*c**2/2 - c - 48. Give k(m).
-1
Suppose 58*k + 153 - 692 = 9*k. Let f(b) = -2*b + 35. Give f(k).
13
Let l be 2/(-3) - (-1085)/93. Let j(h) = h**3 - 11*h**2 - 4*h + 5. Determine j(l).
-39
Let g(c) = c**3 - c**2 - 4*c + 1. Suppose 0 = -v - 4*q + 20 + 2, 4*v - 33 = -5*q. Calculate g(v).
-3
Suppose 42*y - 16*y = 0. Let p(v) = v + 15. What is p(y)?
15
Let w be (5/(-30)*-9)/((-18)/(-24)). Let r(z) be the third derivative of 1/2*z**3 + 0 - 7*z**2 + 0*z - 1/120*z**6 - 1/12*z**4 + 1/15*z**5. What is r(w)?
7
Let f(a) be the second derivative of a**3 - a**2 + 1748*a. Determine f(1).
4
Let u(k) = k**2 - 6*k - 9. Let g(p) = -485 + 5*p**2 - 2*p**2 + 949 - 16*p - 489. Let x(a) = 3*g(a) - 8*u(a). What is x(-6)?
33
Let c(j) = -127*j**2 + 2*j + 1. Suppose 9*v = 4*r + 16*v + 53, 2*r + 23 = -3*v. What is c(r)?
-128
Let r(y) = -y**2 + 2*y + 4. Let d be r(4). Let h(m) be the second derivative of m**3/6 + 3*m**2/2 - 12*m - 13. Determine h(d).
-1
Let m(u) = -153*u - 4. Let i(x) = 57*x + 2. Let t(r) = 8*i(r) + 3*m(r). Give t(9).
-23
Let r(t) = -t**2 - 13*t + 10. Let p be (-12)/(-9)*(-2 - 5/(-10)). Let g(d) = -4*d**2 - 42*d + 31. Let s(v) = p*g(v) + 7*r(v). What is s(7)?
8
Let i = 90 + -88. Suppose -i + 56 = -27*m. Let o(v) = 4 + 3 - 5 + 8*v. Determine o(m).
-14
Let y(o) = -o**3 + 2*o**2 - o + 1. Suppose -5*n + 4*h + h = -15, -11 = -5*n + h. Suppose n*l = -6*q + 11*q - 14, -5*q + 3*l = -16. Determine y(q).
-1
Let o(m) be the third derivative of m**4/4 - 3*m**3 + 2*m**2 - 496. Give o(8).
30
Let y(o) = -232*o + 15 + 20*o + 20 + 64 - 71*o**2 - 102. Determine y(-3).
-6
Let f(r) = 2*r**2 - 67*r + 29. Suppose 0 = h, 0 = -224*b + 221*b - 2*h + 99. What is f(b)?
-4
Let x(m) = -m**2 - 11*m - 15. Suppose 12*k = -2*k + 980. Suppose -k + 60 = t. Calculate x(t).
-5
Suppose 4*x = 5*y - 0*y - x, -8*y - 3*x = -22. Let s(v) = 14*v - 4. Let f(d) = -29*d + 8. Let n(p) = 3*f(p) + 7*s(p). Determine n(y).
18
Let t(o) = 2*o + 2. Let i be t(1). Let k(a) = -6*a**2 + 12*a**2 + 3 - a - a**2 + 1. Let f(s) = -s**2. Let r(v) = i*f(v) + k(v). Give r(3).
10
Suppose 685 + 1711 = -430*w - 1474. Let v(b) = -b**2 - 12*b - 20. Let c(p) = 4*p**2 + 48*p + 80. Let n(a) = -2*c(a) - 9*v(a). Calculate n(w).
-7
Suppose 3314 + 30 = -304*u. Let i(x) = -1 + 3*x**2 - 10*x - 4*x**2 + 3. Calculate i(u).
-9
Suppose -s + 5 = -3. Let i be ((-40)/12)/((-8)/12). Let q(o) = 2 + 13*o + 2 - 6*o - i*o. Give q(s).
20
Let c be 39/(-78)*20/(-2). Suppose -2*l = z - 5*z + 30, 4*z - 45 = c*l. Let y(t) = -t**2 + 4*t - 1. Determine y(z).
-6
Let a = -63 - 12. Let u = a + 75. Suppose u = -28*r + 29*r + 5. Let o(h) = h**3 + 4*h**2 - 5*h. What is o(r)?
0
Let d(f) = -4*f**3 - 2*f**2 - 1. Suppose 20 = g + 21. Let y be (3/(3/g))/((-2)/(-10)). Let r = y + 3. What is d(r)?
23
Suppose 4*t - 2*t = 12. Let g(h) = 7*h**2 - 2*h + 10. Let s(v) = v**2 + v + 1. Let o = -63 + 62. Let m(j) = o*g(j) + 6*s(j). Calculate m(t).
8
Let n be -1 + -1 + (3 - 1) - -5. Let f(o) be the third derivative of o**4/24 + o**3 - 3*o**2 + 137. Give f(n).
11
Let j = -3 - 6. Let v(z) be the third derivative of z**6/120 + 2*z**5/15 - 3*z**4/8 - 11*z**3/6 - 3704*z**2 + z. Determine v(j).
-11
Suppose 11*w + 8 = 3*w. Let i be (-80)/(-100) - (6/(-5) - w). Let g(l) = 5*l**3 - 6*l**3 + 0*l**3 + 4*l + 8*l**2 + i + 2*l**3. Give g(-7).
22
Let k(d) = 4*d + 5. Let b(h) = -1523*h - 6091. Let i be b(-4). Calculate k(i).
9
Let o(b) be the third derivative of b**6/30 - b**5/60 + b**4/6 - b**3/2 - 59*b**2 - 1. What is o(1)?
4
Let m(k) be the third derivative of -5/12*k**4 + 3/2*k**3 + 1/60*k**5 + 0*k + 6*k**2 + 0. Suppose -5*l + 3*j = j - 36, -6 = l + 4*j. Give m(l).
-15
Let b(m) be the second derivative of 19*m**6/720 + m**4/6 - 59*m**2/2 - 19*m - 3. Let v(r) be the third derivative of b(r). Give v(2).
38
Suppose 2*j + 18 = 5*j. Let x(d) = d + 5 - j*d + 0*d. What is x(-4)?
25
Let k(u) = -u**3 + 10*u**2 - 17*u + 6. Suppose -114 - 82 = -7*f. Suppose -12*w + 124 = f. Calculate k(w).
-2
Let m(p) = -4*p**2 + 0*p**3 - 9 - 6 - 11*p - p**3 - 7*p**2. Let o be m(-10). Let y(h) = h**2 + 7*h + 6. Determine y(o).
-4
Let i be 32/10 - (-1)/(-5) - -7. Let k = i + 0. Let p be (2 + 0)*k/4. Let o(a) = a**2 - a - 6. What is o(p)?
14
Let s(a) = a**2 - 4*a + 10. Let f be (-1 - (-154)/17) + (-906)/15402. What is s(f)?
42
Let y(r) = r**3 + 5*r**2 - 3*r + 4. Suppose 14*j + 34 = -50. Let a be (-1*j/(-12))/((-5)/(-60)). Calculate y(a).
-14
Let j(w) be the first derivative of 5*w**2/2 + 6*w - 927. What is j(2)?
16
Suppose 2*x - 5*s - 30 = -10*s, -s = 5*x - 52. Let b(i) = -17 - 16 - 14 + 69 + 9*i**2 + 11*i + 0 - i**3 - 11. Calculate b(x).
21
Let g(y) = y**3 - 11*y**2 + 18*y - 4. Let l(s) = s**2 + 12*s - 2356. Let k be l(-55). Determine g(k).
-4
Let i = -603 + 608. Suppose 4*y = -i*g + 27, -14*y - 2 = -13*y. Let w(r) = -r**2 + 7*r + 10. Give w(g).
10
Let y(l) = 3*l + 18. Suppose -4*b = 4*o + 8, 0 = -7*b + 3*b - 16. Suppose -11 - 3 = o*t. Let v be y(t). Let g(c) = -c**2 + c + 4. Give g(v).
-8
Let d(v) = -v**3 - 14*v**2 + 2. Let u(w) = -2*w**2 - 1102*w - 3302. Let n be u(-3). What is d(n)?
2
Let a(m) = 20*m**2 - 11*m - 26. Let o(s) = 7*s**2 - 4*s - 9. Let b(i) = -6*a(i) + 17*o(i). Let t = -48939 - -48943. Calculate b(t).
-21
Let h(y) = 2*y**3 + y**2 - 1. Let k be h(1). Let t(w) = k*w**2 - 9*w**2 - 8*w - 8 - w**3 + 5 - 2*w**2. Calculate t(-8).
-3
Let m(x) be the first derivative of x**3/3 + 15*x**2/2 + 26*x - 2058. Calculate m(-11).
-18
Let a(m) = -m**2 + 2*m + 5. Suppose -2*y + 28 = 2*x, 2*x - 12 = x + y. Suppose 0 = 3*u - 1 - 53. Suppose u = z + x. Determine a(z).
-10
Let t(w) = w**3 - 7*w**2 + 9*w + 4. Let m be 25 - (21 + (-10 - -9)). Give t(m).
-1
Let v(d) = -38*d + d**2 - 352 + 125 + 107. What is v(41)?
3
Let a(z) = 3. Let y be 30/(-4)*(-208)/(-312). Let g(u) = 2*u + 4. Let v(o) = y*g(o) + 6*a(o). What is v(-1)?
8
Let i(h) = 2*h**3 - 3*h**3 + 5*h**2 + 2931 - 2935 + 8*h. Determine i(5).
36
Let m = 8 - 4. Let f = 789 + -786. Let s(j) = 7*j + 33960*j**2 + 0*j - f*j - 33961*j**2. Determine s(m).
0
Let t(m) = -12*m + 13. Let q be (-4 + (-44)/(-12))/(((-53)/6)/53). What is t(q)?
-11
Suppose 8*n - 335 + 343 = -4*c, 0 = -2*c - 8. Let i(g) = 12*g**2 + 2*g. Let m(q) = -q**2 - q. Let s(a) = 2*i(a) + 4*m(a). Determine s(n).
20
Let g(f) = -5*f**2 - 4*f - 3. Let s(c) = -c**3 - 12*c**2 - 29*c + 23. Let z be s(-8). Determine g(z).
-4
Let z = 18 - 13. Let x(d) = 52*d**2 + 17*d - 44. Let s be x(3). Let n(l) = l + 1422 - 473 - 474 - s. Calculate n(z).
5
Let q(y) = -y + 1. Let w(i) = 2*i**2 + 3*i - 1. Let p be w(2). Suppose -g + 42 = p*g. Calculate q(g).
-2
Let m(q) = -39*q + 80. Let l(k) = 46*k - 87. Let s(x) = 4*l(x) + 5*m(x). Calculate s(5).
-3
Suppose 5*j = -3*m - 17, 2*j + 0*m + 4 = -4*m. Let s(a) be the third derivative of 124*a**2 + a**3 + 1/8*a**4 + 0 + 0*a - 1/120*a**6 - 1/15*a**5. Give s(j).
-6
Let s = 74 + -14. Suppose 59*n = s*n - 2. Let u(b) be the first derivative of -b**2/2 - 19. Calculate u(n).
-2
Let a(g) = -2*g + 2. Suppose 0 = -p + 2*p - 2. Let z(x) = x - 1. Let v(l) = p*a(l) + 5*z(l). Suppose 39*y = 57*y - 144. Determine v(y).
7
Let g = 